t d = 8 + -6. What is the remainder when 2 is divided by 0 + (-2)/d + 2?
0
Let q(f) = f**2 + 2*f + 4. Let u be q(-3). Suppose 7*l + v - u = 3*l, -2*v = -3*l + 19. Suppose -5*z + 9 = -1. Calculate the remainder when l is divided by z.
1
Let j = 100 - 65. What is the remainder when j is divided by 19?
16
Let o(g) = -g**2 - 9*g + 8. Let k = -11 + 2. What is the remainder when 14 is divided by o(k)?
6
What is the remainder when 23 is divided by 115/10 - (-3)/2?
10
Suppose 0*p = 4*p - 8. Suppose 7 = 4*w - 1. What is the remainder when p is divided by w?
0
Suppose -22 = -5*u + 128. Calculate the remainder when u is divided by 16.
14
Suppose 16 = 2*x - s - 27, -107 = -5*x + 2*s. What is the remainder when 81 is divided by x?
18
Let h = 65 + -38. Suppose 14 + 6 = 2*x. Calculate the remainder when h is divided by x.
7
Let c(t) = 3*t - 5 + 0 + 3 + 5. Calculate the remainder when 44 is divided by c(4).
14
Let u(g) = g**3 + 5*g**2 + 4*g - 3. Let q be u(-4). What is the remainder when q/(((-15)/(-34))/(-5)) is divided by 18?
16
Suppose -s = -63 - 26. Calculate the remainder when s is divided by 9.
8
Suppose -h - 2*h + 234 = 0. Let j = -52 + h. Calculate the remainder when 75 is divided by j.
23
Suppose 0 = -2*m + 4*g - 14 - 6, -m = 5*g - 11. What is the remainder when 2 is divided by 10/8 - m/(-16)?
0
Let j = -15 + 17. Suppose 0 = -j*o + 220. Calculate the remainder when o is divided by 28.
26
Let a = 103 - 43. What is the remainder when a is divided by 16?
12
Suppose -f - 8 = -5*f. What is the remainder when 2 + (-26)/(f + -4) is divided by 8?
7
Suppose -31*j + 21 = -28*j. Calculate the remainder when 19 is divided by j.
5
Suppose -t + 0 = -5. Suppose 2*o - t*d = -0*o + 1, 0 = 5*o - 5*d - 10. Calculate the remainder when 8 is divided by o.
2
Suppose -4*h = -2*n - 50, -4*n = -2*h + 4 + 6. What is the remainder when 58 is divided by h?
13
Let d = -83 + 145. Suppose -d = -t - t. Let n(q) = 3*q**2 + 4*q + 1. What is the remainder when t is divided by n(-3)?
15
Let b(r) = r + 15. Suppose -4*m - 7*t = -2*t + 33, -2*m - 12 = -2*t. Calculate the remainder when 15 is divided by b(m).
7
Suppose d - v + 8 - 18 = 0, -4*v - 10 = 2*d. Let j = -1 + d. Calculate the remainder when j is divided by 3.
1
Calculate the remainder when (-2)/14 + 660/14 is divided by 10.
7
Let y = 20 + -13. Suppose -11*q - 84 = -18*q. What is the remainder when q is divided by y?
5
Let d be (-6)/15 - 32/(-5). Suppose 5*p = d*p + 2*o + 3, p = -o + 2. What is the remainder when 12 is divided by p?
5
Suppose 2*i - 2 = -3*w + w, -17 = -5*i - 2*w. Let r(q) = q + 3*q - 6 - q. Calculate the remainder when r(5) is divided by i.
4
Suppose -49 = -3*w + 14. Calculate the remainder when 41 is divided by w.
20
Let d = -4 - -6. Let t = 153 - 149. Calculate the remainder when t is divided by d.
0
Let w(j) = -34*j - 2. Let l be w(-2). Suppose -4*z = -l + 18. Let o = -3 + z. What is the remainder when o is divided by 5?
4
Let m(z) = -z**2 - z + 26. What is the remainder when 156/9 + 2/(-6) is divided by m(4)?
5
Suppose -2*k = -0*k + 10. Suppose 4*t + 6 = 6*t. What is the remainder when (k + t)*10/(-4) is divided by 3?
2
Suppose -1 - 5 = -3*t + 5*y, -2*t + 3*y = -4. Suppose -v + 19 - t = 0. What is the remainder when 50 is divided by v?
16
Let y(c) = 4 - 2 + 11*c - 2 - 3. Let s(n) = n - 1. Let i be s(4). What is the remainder when y(i) is divided by 16?
14
Suppose 2*m = 4*f, 3*m + 0*f = -3*f + 9. Suppose -5*o - m*u = -77, -3*o - 3*u = -2*u - 46. Calculate the remainder when o is divided by 8.
7
Suppose 0 = 2*r - x - 166, r = -5*x + 2 + 81. Calculate the remainder when r is divided by 14.
13
Let s(j) = 2*j**2 - j - 28. Calculate the remainder when s(5) is divided by 3.
2
Let w(d) = d**2 + 7*d - 11. What is the remainder when 65 is divided by w(4)?
32
Let w = -13 + 26. Suppose -99 - w = -4*p. What is the remainder when p is divided by 15?
13
Let s(y) = 9*y + 5. What is the remainder when s(2) is divided by 6?
5
Suppose 11*p - 654 = 853. Calculate the remainder when p is divided by 46.
45
Let f(m) = 2*m - 7. Let t be f(6). Let i(r) = r**2 + 3*r + 4. What is the remainder when i(t) is divided by 15?
14
Let h(x) = x**3 - 3*x**2 + 5*x - 2. Calculate the remainder when 133 is divided by h(4).
31
Suppose a = 2*a - 5*v - 45, 163 = 3*a - v. Calculate the remainder when a is divided by 19.
17
Suppose -4*y = -12*x + 7*x - 123, 2*x + 6 = 0. What is the remainder when y is divided by 17?
10
Suppose -4*r + 595 + 477 = 0. Suppose 0*p + 4*p - r = 0. Let b = -25 - -42. Calculate the remainder when p is divided by b.
16
Let m = 2 - -6. Let g(p) = -30*p**2. Let b be g(-1). Let i = b + 45. Calculate the remainder when i is divided by m.
7
Suppose 4*o + 6 = -6. What is the remainder when 5/(5/6) - o is divided by 5?
4
Suppose -m - 5*k = -15, 4*k - 8 = -m + 8. Let b = 1 - -6. Calculate the remainder when m is divided by b.
6
Suppose 3*g = 24 - 6. Calculate the remainder when 15 is divided by g.
3
Let l(s) = 9*s**2 + 52*s - 2. Calculate the remainder when l(-6) is divided by 3.
1
Let u = 56 - -3. What is the remainder when u is divided by 10?
9
Suppose -5*i + 4 + 6 = 0. Let t(v) = v**2 + 0 - 2*v**2 + 2 - 4*v + 4. Calculate the remainder when i is divided by t(-5).
0
Let x be 2/4*-2 - -9. Suppose -2 = -5*p + x. Calculate the remainder when 5 is divided by p.
1
What is the remainder when (-1652)/(-20) + 2/5 is divided by 21?
20
Let o be (-4)/6*(-45)/10. Calculate the remainder when 32 is divided by (o/(-6))/((-4)/88).
10
Let y = 40 - 26. Suppose 0 = 3*p + 2*p - 80. Suppose p = 4*f, -4*x - x - 5*f + 45 = 0. Calculate the remainder when y is divided by x.
4
Let m be (2 - -3)*2 + 0. Let j be 2/(-8) - m/(-8). Suppose 3*g + 3*v + 2 + j = 0, -15 = 5*v. Calculate the remainder when 4 is divided by g.
0
What is the remainder when 2425/100 - (0 - 1/(-4)) is divided by 5?
4
Suppose -11*p - 29 = -84. Let k(q) = q - 3. Calculate the remainder when p is divided by k(6).
2
Let n(t) = -4 + 1 + t + 4*t + t**2. Let w be n(-6). Suppose 35 = 3*r + i, -3*i - 51 = -0*r - w*r. Calculate the remainder when 37 is divided by r.
11
Suppose -4*a = 3*l - 21, 4*a - 13 - 12 = l. Calculate the remainder when 77 is divided by a.
5
Let f = 10 - 18. Let o be 20/(-6)*(-32 - f). Suppose -5*k + o = 20. Calculate the remainder when 45 is divided by k.
9
Let l = -6 + 11. Suppose -l*r + 30 = -0*r. Suppose 0 = 5*v - 4*h - 40, 3*h + 8 + 27 = 5*v. What is the remainder when r is divided by v?
2
Suppose -2*l + 5*u + 23 = -9, 61 = 5*l - 3*u. Let r(b) = 4*b - 2. What is the remainder when r(l) is divided by 22?
20
Let h(w) be the first derivative of w**6/30 + w**2 - 1. Let i(f) be the second derivative of h(f). Calculate the remainder when 6 is divided by i(1).
2
Suppose -2*s = 3*s + 2*x - 113, 0 = -s + 2*x + 25. Suppose v + 3*v - 29 = -3*k, 3*v + 2*k = s. Let z = 22 - 1. What is the remainder when z is divided by v?
10
Suppose -66 = -4*f + 46. What is the remainder when f is divided by 16?
12
Suppose 3*n - 5*u + 57 = 7*n, n = 4*u + 9. Suppose 0*y + 25 = 5*y. Calculate the remainder when n is divided by y.
3
Let v = -10 + 24. Suppose 0 = -2*w + w + v. Calculate the remainder when 25 is divided by w.
11
Suppose 6*q - 7*q + 5 = 0. Calculate the remainder when 6 is divided by q.
1
Suppose -112 = -0*k - 2*k. Suppose 4*w = u + k, u - 37 + 3 = -2*w. Suppose -3*h + 19 = 1. What is the remainder when w is divided by h?
3
Let o(l) = -22*l + 7. What is the remainder when o(-3) is divided by 19?
16
What is the remainder when 38 is divided by 14 + (-2 - 8/4)?
8
Suppose -2*c = -4 - 2. Suppose -8 = -r - 2*z, -2*r = -c*z + z - 22. Let v = 49 - 12. What is the remainder when v is divided by r?
7
Let d be ((-40)/(-3))/((-2)/(-18)). Suppose d + 20 = 5*b. Let u(m) = 4*m**2 + m + 1. Calculate the remainder when b is divided by u(-2).
13
Suppose 2*k - w + 3*w - 6 = 0, -k + 4*w = 7. What is the remainder when 3 is divided by k?
0
Suppose -170 = -3*i - 11. What is the remainder when i is divided by 28?
25
Suppose -2*y - 2 = 0, 5*y + 12 = -3*a + 31. Let b(k) = k**3 - 9*k**2 + 8*k + 11. What is the remainder when 20 is divided by b(a)?
9
Suppose 4*w - 132 = -3*h - 11, 2*h = 4*w - 106. Calculate the remainder when 167 is divided by w.
27
Let l(g) = -3*g + 2. Calculate the remainder when 3 is divided by 